{"id":73,"date":"2014-10-11T16:59:43","date_gmt":"2014-10-11T15:59:43","guid":{"rendered":"http:\/\/www.bernay-en-champagne.fr\/?page_id=73"},"modified":"2021-05-18T11:04:48","modified_gmt":"2021-05-18T09:04:48","slug":"ramassage-scolaire","status":"publish","type":"page","link":"https:\/\/bernayneuvy.fr\/?page_id=73","title":{"rendered":"Ramassage scolaire"},"content":{"rendered":"<p>Un car assure le transport des enfants entre les diff\u00e9rents bourgs et les 2 \u00e9coles le matin et le soir.<\/p>\n<p><span style=\"text-decoration: underline;\">Voici les 5 points d\u2019arr\u00eat et les horaires\u00a0:<\/span><\/p>\n<p><img loading=\"lazy\" decoding=\"async\" class=\"aligncenter wp-image-2350\" src=\"\/wp-content\/uploads\/2021\/05\/carte-ramassage-2020-2021.png\" alt=\"\" width=\"800\" height=\"384\" \/><\/p>\n<p><img loading=\"lazy\" decoding=\"async\" class=\"aligncenter wp-image-2352 size-full\" src=\"\/wp-content\/uploads\/2021\/05\/horaires-ramassage-2020-2021.png\" alt=\"\" width=\"817\" height=\"252\" \/><\/p>\n<p>lien vers le site pour obtenir la carte de transport\u00a0: <a href=\"https:\/\/aleop.paysdelaloire.fr\/tarifs-abonnements-7\">https:\/\/aleop.paysdelaloire.fr\/tarifs-abonnements-7<\/a><\/p>\n<blockquote>\n<h5><strong><u>Al\u00e9as climatiques et gr\u00e8ves: <\/u><\/strong><\/h5>\n<p style=\"text-align: justify;\"><em><strong><u>\u00a0<\/u><\/strong><\/em><\/p>\n<ul style=\"text-align: justify;\">\n<li><em><strong><u>Absence de transport connue la veille pour cause d\u2019intemp\u00e9ries<\/u><\/strong><\/em><\/li>\n<\/ul>\n<p style=\"text-align: justify;\"><em>\u00a0Si les enseignantes sont pr\u00e9sentes, les enfants habitant Neuvy sont accueillis \u00e0 l\u2019\u00e9cole de Neuvy et les enfants habitant Bernay ou les autres communes sont accueillis \u00e0 l\u2019\u00e9cole de Bernay. Un service d\u2019accueil p\u00e9riscolaire est exceptionnellement mis en place les jours d\u2019intemp\u00e9ries (sauf si les agents sont en incapacit\u00e9 de se d\u00e9placer).\u00a0 Un service de restauration ayant d\u00e9sormais lieu \u00e0 Neuvy, les \u00e9l\u00e8ves ne sont plus tenus d\u2019apporter leur pique-nique.<\/em><\/p>\n<p style=\"text-align: justify;\">\n<ul style=\"text-align: justify;\">\n<li><em><strong><u>Absence de transport connue le matin m\u00eame pour cause d\u2019intemp\u00e9ries<\/u><\/strong><\/em><\/li>\n<\/ul>\n<p style=\"text-align: justify;\"><em>Dans ce cas, les parents devront privil\u00e9gier l\u2019absent\u00e9isme des enfants car le SIVOS ne pourra pr\u00e9voir aucune organisation, ne sachant pas si le personnel d\u2019encadrement et les institutrices seront pr\u00e9sents.<\/em><\/p>\n<ul style=\"text-align: justify;\">\n<li><em><strong><u>Absence de transport pour motif de gr\u00e8ve connue au moins 24 h \u00e0 l\u2019avance et si la gr\u00e8ve ne\u00a0concerne que la STAO (notre transporteur)<\/u><\/strong><\/em><\/li>\n<\/ul>\n<p style=\"text-align: justify;\"><em>\u00a0Les enfants rejoignent l\u2019\u00e9cole de leur commune comme cit\u00e9 dans le paragraphe 1. <\/em><\/p>\n<\/blockquote>\n","protected":false},"excerpt":{"rendered":"<p>Un car assure le transport des enfants entre les diff\u00e9rents bourgs et les 2 \u00e9coles le matin et le soir. Voici les 5 points d\u2019arr\u00eat et les horaires\u00a0: lien vers le site pour obtenir la carte de transport\u00a0: https:\/\/aleop.paysdelaloire.fr\/tarifs-abonnements-7 Al\u00e9as climatiques et gr\u00e8ves: \u00a0 Absence de transport connue la veille pour cause d\u2019intemp\u00e9ries \u00a0Si les [&hellip;]<\/p>\n","protected":false},"author":1,"featured_media":0,"parent":51,"menu_order":20,"comment_status":"open","ping_status":"open","template":"","meta":{"footnotes":""},"_links":{"self":[{"href":"https:\/\/bernayneuvy.fr\/index.php?rest_route=\/wp\/v2\/pages\/73"}],"collection":[{"href":"https:\/\/bernayneuvy.fr\/index.php?rest_route=\/wp\/v2\/pages"}],"about":[{"href":"https:\/\/bernayneuvy.fr\/index.php?rest_route=\/wp\/v2\/types\/page"}],"author":[{"embeddable":true,"href":"https:\/\/bernayneuvy.fr\/index.php?rest_route=\/wp\/v2\/users\/1"}],"replies":[{"embeddable":true,"href":"https:\/\/bernayneuvy.fr\/index.php?rest_route=%2Fwp%2Fv2%2Fcomments&post=73"}],"version-history":[{"count":4,"href":"https:\/\/bernayneuvy.fr\/index.php?rest_route=\/wp\/v2\/pages\/73\/revisions"}],"predecessor-version":[{"id":2354,"href":"https:\/\/bernayneuvy.fr\/index.php?rest_route=\/wp\/v2\/pages\/73\/revisions\/2354"}],"up":[{"embeddable":true,"href":"https:\/\/bernayneuvy.fr\/index.php?rest_route=\/wp\/v2\/pages\/51"}],"wp:attachment":[{"href":"https:\/\/bernayneuvy.fr\/index.php?rest_route=%2Fwp%2Fv2%2Fmedia&parent=73"}],"curies":[{"name":"wp","href":"https:\/\/api.w.org\/{rel}","templated":true}]}}

<p>Un car assure le transport des enfants entre les différents bourgs et les 2 écoles le matin et le soir.</p>
<p><span style="text-decoration: underline;">Voici les 5 points d’arrêt et les horaires :</span></p>
<p><img loading="lazy" decoding="async" class="aligncenter wp-image-2350" src="/wp-content/uploads/2021/05/carte-ramassage-2020-2021.png" alt="" width="800" height="384" /></p>
<p><img loading="lazy" decoding="async" class="aligncenter wp-image-2352 size-full" src="/wp-content/uploads/2021/05/horaires-ramassage-2020-2021.png" alt="" width="817" height="252" /></p>
<p>lien vers le site pour obtenir la carte de transport : <a href="https://aleop.paysdelaloire.fr/tarifs-abonnements-7">https://aleop.paysdelaloire.fr/tarifs-abonnements-7</a></p>
<blockquote>
<h5><strong><u>Aléas climatiques et grèves: </u></strong></h5>
<p style="text-align: justify;"><em><strong><u> </u></strong></em></p>
<ul style="text-align: justify;">
<li><em><strong><u>Absence de transport connue la veille pour cause d’intempéries</u></strong></em></li>
</ul>
<p style="text-align: justify;"><em> Si les enseignantes sont présentes, les enfants habitant Neuvy sont accueillis à l’école de Neuvy et les enfants habitant Bernay ou les autres communes sont accueillis à l’école de Bernay. Un service d’accueil périscolaire est exceptionnellement mis en place les jours d’intempéries (sauf si les agents sont en incapacité de se déplacer).  Un service de restauration ayant désormais lieu à Neuvy, les élèves ne sont plus tenus d’apporter leur pique-nique.</em></p>
<p style="text-align: justify;">
<ul style="text-align: justify;">
<li><em><strong><u>Absence de transport connue le matin même pour cause d’intempéries</u></strong></em></li>
</ul>
<p style="text-align: justify;"><em>Dans ce cas, les parents devront privilégier l’absentéisme des enfants car le SIVOS ne pourra prévoir aucune organisation, ne sachant pas si le personnel d’encadrement et les institutrices seront présents.</em></p>
<ul style="text-align: justify;">
<li><em><strong><u>Absence de transport pour motif de grève connue au moins 24 h à l’avance et si la grève ne concerne que la STAO (notre transporteur)</u></strong></em></li>
</ul>
<p style="text-align: justify;"><em> Les enfants rejoignent l’école de leur commune comme cité dans le paragraphe 1. </em></p>
</blockquote>

<p>Un car assure le transport des enfants entre les différents bourgs et les 2 écoles le matin et le soir. Voici les 5 points d’arrêt et les horaires : lien vers le site pour obtenir la carte de transport : https://aleop.paysdelaloire.fr/tarifs-abonnements-7 Aléas climatiques et grèves:   Absence de transport connue la veille pour cause d’intempéries  Si les [&hellip;]</p>
