{"id":2604,"date":"2015-07-22T09:04:11","date_gmt":"2015-07-22T09:04:11","guid":{"rendered":"http:\/\/velikorodnov.com\/dev\/revija\/?page_id=18"},"modified":"2022-01-25T17:14:29","modified_gmt":"2022-01-25T16:14:29","slug":"home4","status":"publish","type":"page","link":"https:\/\/bernayneuvy.fr\/","title":{"rendered":"Accueil"},"content":{"rendered":"<p>[vc_row full_width=\u00a0\u00bbstretch_row_content_no_spaces\u00a0\u00bb type_display=\u00a0\u00bbtype2&Prime; css=\u00a0\u00bb.vc_custom_1456500764039{margin-top: 0px !important;margin-bottom: 0px !important;}\u00a0\u00bb][vc_column][layerslider_vc id=\u00a0\u00bb1&Prime;][vc_empty_space height=\u00a0\u00bb80px\u00a0\u00bb][\/vc_column][\/vc_row][vc_row css=\u00a0\u00bb.vc_custom_1445761642645{margin-top: -30px !important;margin-bottom: 0px !important;}\u00a0\u00bb][vc_column width=\u00a0\u00bb2\/3&Prime;][vc_column_text css=\u00a0\u00bb.vc_custom_1636532496948{margin-bottom: 0px !important;}\u00a0\u00bb]<\/p>\n<h4>ARTICLES R\u00c9CENTS<\/h4>\n<p>[\/vc_column_text][vc_separator color=\u00a0\u00bbcustom\u00a0\u00bb accent_color=\u00a0\u00bb#545454&Prime;][vc_mad_posts_carousel title_count=\u00a0\u00bb20&Prime; columns=\u00a0\u00bb3&Prime; orderby=\u00a0\u00bbdate\u00a0\u00bb posts_per_page=\u00a0\u00bb3&Prime;][vc_empty_space height=\u00a0\u00bb60px\u00a0\u00bb][vc_column_text css=\u00a0\u00bb.vc_custom_1636532593439{margin-bottom: 0px !important;}\u00a0\u00bb]<\/p>\n<h4>AGENDA<\/h4>\n<p>[\/vc_column_text][vc_separator color=\u00a0\u00bbcustom\u00a0\u00bb accent_color=\u00a0\u00bb#545454&Prime;][vc_raw_html]JTNDc2NyaXB0JTIwdHlwZSUzRCUyMnRleHQlMkZqYXZhc2NyaXB0JTIyJTNFJTBBd2luZG93LmludHJhbXVyb3NDaXR5SWQlMjAlM0QlMjAxODMlM0IlMEF3aW5kb3cuaW50cmFtdXJvc0FnZ2xvSWQlMjAlM0QlMjAyNiUzQiUwQXdpbmRvdy56b29tJTIwJTNEJTIwMCUyQzglM0IlMEF3aW5kb3cuY29udGFpbmVyU2l6ZUV2ZW50JTIwJTNEJTIwJTI3bGFyZ2UlMjclM0IlMEF3aW5kb3cuZGF0ZUZpbHRlciUyMCUzRCUyMDElM0IlMEF3aW5kb3cuaXRlbVBlclBhZ2VFdmVudCUyMCUzRCUyMDMlM0IlMEF3aW5kb3cuaW1hZ2VNYXhIZWlnaHQlMjAlM0QlMjAwJTNCJTBBd2luZG93LmJhY2tncm91bmRDb2xvciUyMCUzRCUyMCUyNyUyM2ZmZmZmZiUyNyUzQiUwQSUzQyUyRnNjcmlwdCUzRSUwQSUzQ3NjcmlwdCUyMHR5cGUlM0QlMjJ0ZXh0JTJGamF2YXNjcmlwdCUyMiUyMGNoYXJzZXQlM0QlMjJVVEYtOCUyMiUyMHNyYyUzRCUyMmh0dHBzJTNBJTJGJTJGd2lkZ2V0LmludHJhbXVyb3Mub3JnJTJGanMlMkYzLjEuMCUyRmFnZW5kYS5qcyUyMiUyMGFzeW5jJTNFJTNDJTJGc2NyaXB0JTNFJTBBJTNDZGl2JTIwaWQlM0QlMjJpbnRyYW11cm9zX2V2ZW50cyUyMiUzRSUzQyUyRmRpdiUzRQ==[\/vc_raw_html][vc_empty_space height=\u00a0\u00bb60px\u00a0\u00bb][vc_column_text css=\u00a0\u00bb.vc_custom_1636532570268{margin-bottom: 0px !important;}\u00a0\u00bb]<\/p>\n<h4>ACTUALIT\u00c9S<\/h4>\n<p>[\/vc_column_text][vc_separator color=\u00a0\u00bbcustom\u00a0\u00bb accent_color=\u00a0\u00bb#545454&Prime;][vc_raw_html]JTNDc2NyaXB0JTIwdHlwZSUzRCUyMnRleHQlMkZqYXZhc2NyaXB0JTIyJTNFJTBBd2luZG93LmludHJhbXVyb3NDaXR5SWQlMjAlM0QlMjAxODMlM0IlMEF3aW5kb3cuaW50cmFtdXJvc0FnZ2xvSWQlMjAlM0QlMjAyNiUzQiUwQXdpbmRvdy5leGNsdWRlQWN0b3JzJTIwJTNEJTIwZmFsc2UlM0IlMEF3aW5kb3cuem9vbSUyMCUzRCUyMDAuOCUzQiUwQXdpbmRvdy5jb250YWluZXJTaXplTmV3cyUyMCUzRCUyMCUyN2xhcmdlJTI3JTNCJTBBd2luZG93Lml0ZW1QZXJQYWdlTmV3cyUyMCUzRCUyMDMlM0IlMEF3aW5kb3cuaW1hZ2VNYXhIZWlnaHQlMjAlM0QlMjAwJTNCJTBBd2luZG93LmJhY2tncm91bmRDb2xvciUyMCUzRCUyMCUyNyUyM2ZmZmZmZiUyNyUzQiUwQSUzQyUyRnNjcmlwdCUzRSUwQSUzQ3NjcmlwdCUyMHR5cGUlM0QlMjJ0ZXh0JTJGamF2YXNjcmlwdCUyMiUyMGNoYXJzZXQlM0QlMjJVVEYtOCUyMiUyMHNyYyUzRCUyMmh0dHBzJTNBJTJGJTJGd2lkZ2V0LmludHJhbXVyb3Mub3JnJTJGanMlMkYzLjEuMCUyRmFjdHVhbGl0ZS5qcyUyMiUyMGFzeW5jJTNFJTNDJTJGc2NyaXB0JTNFJTBBJTNDZGl2JTIwaWQlM0QlMjJpbnRyYW11cm9zX25ld3MlMjIlM0UlM0MlMkZkaXYlM0U=[\/vc_raw_html][\/vc_column][vc_column width=\u00a0\u00bb1\/3&Prime;][vc_column_text css=\u00a0\u00bb.vc_custom_1636533722851{margin-bottom: 0px !important;}\u00a0\u00bb]<\/p>\n<h4>BERNAY-NEUVY-EN-CHAMPAGNE<\/h4>\n<p>[\/vc_column_text][vc_single_image image=\u00a0\u00bb2967&Prime; img_size=\u00a0\u00bbfull\u00a0\u00bb][vc_column_text]<\/p>\n<p class=\"p1\" style=\"text-align: justify;\"><span class=\"s1\">La Mairie vous propose cette application pour \u00eatre inform\u00e9 en direct des actualit\u00e9s, des informations pratiques et des \u00e9v\u00e9nements organis\u00e9s dans la commune.<\/span><\/p>\n<p class=\"p1\" style=\"text-align: justify;\"><span class=\"s1\">Pour t\u00e9l\u00e9charger l&rsquo;application sur votre smartphone, veuillez vous rendre sur l&rsquo;application google play ou play store, et t\u00e9l\u00e9chargez l&rsquo;application. Elle est TOTALEMENT GRATUITE !<\/span><\/p>\n<p>[\/vc_column_text][vc_wp_archives options=\u00a0\u00bbcount\u00a0\u00bb][\/vc_column][vc_column][\/vc_column][\/vc_row]<\/p>\n","protected":false},"excerpt":{"rendered":"<p>[vc_row full_width=\u00a0\u00bbstretch_row_content_no_spaces\u00a0\u00bb type_display=\u00a0\u00bbtype2&Prime; css=\u00a0\u00bb.vc_custom_1456500764039{margin-top: 0px !important;margin-bottom: 0px !important;}\u00a0\u00bb][vc_column][layerslider_vc id=\u00a0\u00bb1&Prime;][vc_empty_space height=\u00a0\u00bb80px\u00a0\u00bb][\/vc_column][\/vc_row][vc_row css=\u00a0\u00bb.vc_custom_1445761642645{margin-top: -30px !important;margin-bottom: 0px !important;}\u00a0\u00bb][vc_column width=\u00a0\u00bb2\/3&Prime;][vc_column_text css=\u00a0\u00bb.vc_custom_1636532496948{margin-bottom: 0px !important;}\u00a0\u00bb] ARTICLES R\u00c9CENTS [\/vc_column_text][vc_separator color=\u00a0\u00bbcustom\u00a0\u00bb accent_color=\u00a0\u00bb#545454&Prime;][vc_mad_posts_carousel title_count=\u00a0\u00bb20&Prime; columns=\u00a0\u00bb3&Prime; orderby=\u00a0\u00bbdate\u00a0\u00bb posts_per_page=\u00a0\u00bb3&Prime;][vc_empty_space height=\u00a0\u00bb60px\u00a0\u00bb][vc_column_text css=\u00a0\u00bb.vc_custom_1636532593439{margin-bottom: 0px !important;}\u00a0\u00bb] AGENDA [\/vc_column_text][vc_separator color=\u00a0\u00bbcustom\u00a0\u00bb accent_color=\u00a0\u00bb#545454&Prime;][vc_raw_html]JTNDc2NyaXB0JTIwdHlwZSUzRCUyMnRleHQlMkZqYXZhc2NyaXB0JTIyJTNFJTBBd2luZG93LmludHJhbXVyb3NDaXR5SWQlMjAlM0QlMjAxODMlM0IlMEF3aW5kb3cuaW50cmFtdXJvc0FnZ2xvSWQlMjAlM0QlMjAyNiUzQiUwQXdpbmRvdy56b29tJTIwJTNEJTIwMCUyQzglM0IlMEF3aW5kb3cuY29udGFpbmVyU2l6ZUV2ZW50JTIwJTNEJTIwJTI3bGFyZ2UlMjclM0IlMEF3aW5kb3cuZGF0ZUZpbHRlciUyMCUzRCUyMDElM0IlMEF3aW5kb3cuaXRlbVBlclBhZ2VFdmVudCUyMCUzRCUyMDMlM0IlMEF3aW5kb3cuaW1hZ2VNYXhIZWlnaHQlMjAlM0QlMjAwJTNCJTBBd2luZG93LmJhY2tncm91bmRDb2xvciUyMCUzRCUyMCUyNyUyM2ZmZmZmZiUyNyUzQiUwQSUzQyUyRnNjcmlwdCUzRSUwQSUzQ3NjcmlwdCUyMHR5cGUlM0QlMjJ0ZXh0JTJGamF2YXNjcmlwdCUyMiUyMGNoYXJzZXQlM0QlMjJVVEYtOCUyMiUyMHNyYyUzRCUyMmh0dHBzJTNBJTJGJTJGd2lkZ2V0LmludHJhbXVyb3Mub3JnJTJGanMlMkYzLjEuMCUyRmFnZW5kYS5qcyUyMiUyMGFzeW5jJTNFJTNDJTJGc2NyaXB0JTNFJTBBJTNDZGl2JTIwaWQlM0QlMjJpbnRyYW11cm9zX2V2ZW50cyUyMiUzRSUzQyUyRmRpdiUzRQ==[\/vc_raw_html][vc_empty_space height=\u00a0\u00bb60px\u00a0\u00bb][vc_column_text css=\u00a0\u00bb.vc_custom_1636532570268{margin-bottom: 0px !important;}\u00a0\u00bb] ACTUALIT\u00c9S [\/vc_column_text][vc_separator color=\u00a0\u00bbcustom\u00a0\u00bb accent_color=\u00a0\u00bb#545454&Prime;][vc_raw_html]JTNDc2NyaXB0JTIwdHlwZSUzRCUyMnRleHQlMkZqYXZhc2NyaXB0JTIyJTNFJTBBd2luZG93LmludHJhbXVyb3NDaXR5SWQlMjAlM0QlMjAxODMlM0IlMEF3aW5kb3cuaW50cmFtdXJvc0FnZ2xvSWQlMjAlM0QlMjAyNiUzQiUwQXdpbmRvdy5leGNsdWRlQWN0b3JzJTIwJTNEJTIwZmFsc2UlM0IlMEF3aW5kb3cuem9vbSUyMCUzRCUyMDAuOCUzQiUwQXdpbmRvdy5jb250YWluZXJTaXplTmV3cyUyMCUzRCUyMCUyN2xhcmdlJTI3JTNCJTBBd2luZG93Lml0ZW1QZXJQYWdlTmV3cyUyMCUzRCUyMDMlM0IlMEF3aW5kb3cuaW1hZ2VNYXhIZWlnaHQlMjAlM0QlMjAwJTNCJTBBd2luZG93LmJhY2tncm91bmRDb2xvciUyMCUzRCUyMCUyNyUyM2ZmZmZmZiUyNyUzQiUwQSUzQyUyRnNjcmlwdCUzRSUwQSUzQ3NjcmlwdCUyMHR5cGUlM0QlMjJ0ZXh0JTJGamF2YXNjcmlwdCUyMiUyMGNoYXJzZXQlM0QlMjJVVEYtOCUyMiUyMHNyYyUzRCUyMmh0dHBzJTNBJTJGJTJGd2lkZ2V0LmludHJhbXVyb3Mub3JnJTJGanMlMkYzLjEuMCUyRmFjdHVhbGl0ZS5qcyUyMiUyMGFzeW5jJTNFJTNDJTJGc2NyaXB0JTNFJTBBJTNDZGl2JTIwaWQlM0QlMjJpbnRyYW11cm9zX25ld3MlMjIlM0UlM0MlMkZkaXYlM0U=[\/vc_raw_html][\/vc_column][vc_column width=\u00a0\u00bb1\/3&Prime;][vc_column_text css=\u00a0\u00bb.vc_custom_1636533722851{margin-bottom: 0px !important;}\u00a0\u00bb] BERNAY-NEUVY-EN-CHAMPAGNE [\/vc_column_text][vc_single_image image=\u00a0\u00bb2967&Prime; img_size=\u00a0\u00bbfull\u00a0\u00bb][vc_column_text] La Mairie vous [&hellip;]<\/p>\n","protected":false},"author":1,"featured_media":0,"parent":0,"menu_order":0,"comment_status":"closed","ping_status":"closed","template":"page_home.php","meta":{"footnotes":""},"_links":{"self":[{"href":"https:\/\/bernayneuvy.fr\/index.php?rest_route=\/wp\/v2\/pages\/2604"}],"collection":[{"href":"https:\/\/bernayneuvy.fr\/index.php?rest_route=\/wp\/v2\/pages"}],"about":[{"href":"https:\/\/bernayneuvy.fr\/index.php?rest_route=\/wp\/v2\/types\/page"}],"author":[{"embeddable":true,"href":"https:\/\/bernayneuvy.fr\/index.php?rest_route=\/wp\/v2\/users\/1"}],"replies":[{"embeddable":true,"href":"https:\/\/bernayneuvy.fr\/index.php?rest_route=%2Fwp%2Fv2%2Fcomments&post=2604"}],"version-history":[{"count":19,"href":"https:\/\/bernayneuvy.fr\/index.php?rest_route=\/wp\/v2\/pages\/2604\/revisions"}],"predecessor-version":[{"id":3154,"href":"https:\/\/bernayneuvy.fr\/index.php?rest_route=\/wp\/v2\/pages\/2604\/revisions\/3154"}],"wp:attachment":[{"href":"https:\/\/bernayneuvy.fr\/index.php?rest_route=%2Fwp%2Fv2%2Fmedia&parent=2604"}],"curies":[{"name":"wp","href":"https:\/\/api.w.org\/{rel}","templated":true}]}}